{"id":172,"date":"2016-02-21T15:46:30","date_gmt":"2016-02-21T15:46:30","guid":{"rendered":"http:\/\/149.28.205.167\/wps\/monolit\/?page_id=172"},"modified":"2026-02-10T16:13:27","modified_gmt":"2026-02-10T13:13:27","slug":"contact","status":"publish","type":"page","link":"https:\/\/www.akarca.tc\/new\/contact\/","title":{"rendered":"Our <strong>Contacts<\/strong>"},"content":{"rendered":"<p>[vc_row cth_layout=&#8221;monolit_page_sec&#8221;][vc_column][vc_column_text css=&#8221;&#8221;]<\/p>\n<h2 class=\"section-title\">Bize Nas\u0131l Ula\u015fabilirsiniz!<\/h2>\n<p>\u0130stanbul Modoko ve \u0130zmir de Indoor ve Outdoor olmak \u00fczere 4 ma\u011fazam\u0131z ile hizmetinizdeyiz.<\/p>\n<h3 class=\"bold-title\">\u0130leti\u015fim Bilgilerimiz :<\/h3>\n<p>[\/vc_column_text][\/vc_column][\/vc_row][vc_row gap=&#8221;5&#8243; cth_layout=&#8221;monolit_page_sec&#8221;][vc_column width=&#8221;1\/4&#8243;][vc_single_image image=&#8221;2298&#8243; img_size=&#8221;medium&#8221; css=&#8221;&#8221;][vc_column_text css=&#8221;&#8221;]<\/p>\n<h4 class=\"contact-details\">\u0130stalbul Modoko (Indoor)<\/h4>\n<ul class=\"contact-details\">\n<li>\n<div class=\"uk-margin\">\n<p>AKARCA | Furniture &amp; More<br \/>\nYukar\u0131dudullu Modoko Sanayi Sitesi 2. Cd. No:250 \u00dcmraniye\/\u0130stanbul<\/p>\n<\/div>\n<div><a class=\"el-content uk-link-text\" href=\"mailto:info@akarca.tc\"><span id=\"cloakbc1259fb1e8d062236a2e7ff8e38176e\">info@akarca.tc<\/span><\/a><\/div>\n<p><strong>T<\/strong> +90 216 540 7444\u00a0 \u00a0<strong>M<\/strong> +90 538 581 8087<\/li>\n<\/ul>\n<p>[\/vc_column_text][vc_raw_html css=&#8221;&#8221;]JTNDaWZyYW1lJTIwc3JjJTNEJTIyaHR0cHMlM0ElMkYlMkZ3d3cuZ29vZ2xlLmNvbSUyRm1hcHMlMkZlbWJlZCUzRnBiJTNEJTIxMW0xOCUyMTFtMTIlMjExbTMlMjExZDM0MTguNTgzNTUwNDE1NTclMjEyZDI5LjE1ODAwMDU3NjQ1MzU1NiUyMTNkNDEuMDA2MzgwOTcxMzUwNzY1JTIxMm0zJTIxMWYwJTIxMmYwJTIxM2YwJTIxM20yJTIxMWkxMDI0JTIxMmk3NjglMjE0ZjEzLjElMjEzbTMlMjExbTIlMjExczB4MTRjYWNmM2RiY2JjYjdhMSUyNTNBMHg0MzBmMWRjODgyMzdlMjMyJTIxMnNaZWJyYW5vJTI1MjBNb2Rva28lMjE1ZTElMjEzbTIlMjExc3RyJTIxMnN0ciUyMTR2MTc3MDM4MzQ5NTQxNiUyMTVtMiUyMTFzdHIlMjEyc3RyJTIyJTIwd2lkdGglM0QlMjIzMDAlMjIlMjBoZWlnaHQlM0QlMjIyMDAlMjIlMjBzdHlsZSUzRCUyMmJvcmRlciUzQTAlM0IlMjIlMjBhbGxvd2Z1bGxzY3JlZW4lM0QlMjIlMjIlMjBsb2FkaW5nJTNEJTIybGF6eSUyMiUyMHJlZmVycmVycG9saWN5JTNEJTIybm8tcmVmZXJyZXItd2hlbi1kb3duZ3JhZGUlMjIlM0UlM0MlMkZpZnJhbWUlM0U=[\/vc_raw_html][\/vc_column][vc_column width=&#8221;1\/4&#8243;][vc_single_image image=&#8221;2299&#8243; img_size=&#8221;medium&#8221; css=&#8221;&#8221;][vc_column_text css=&#8221;&#8221;]<\/p>\n<h4 class=\"contact-details\">\u0130zmir (Indoor)<\/h4>\n<ul class=\"contact-details\">\n<li>\n<div class=\"uk-margin\">\n<p>AKARCA | Furniture &amp; More<br \/>\nAt\u0131fbey Mahallesi Ak\u00e7ay Caddesi No:276 Gaziemir, \u0130zmir<\/p>\n<\/div>\n<div>\n<p><a class=\"el-content uk-link-text\" href=\"mailto:info@akarca.tc\"><span id=\"cloakbc1259fb1e8d062236a2e7ff8e38176e\">info@akarca.tc<\/span><\/a><\/p>\n<p><strong>T<\/strong> +90 232 203 6232\u00a0 \u00a0<strong>M<\/strong> +90 532 377 0095<\/p>\n<\/div>\n<\/li>\n<\/ul>\n<p>[\/vc_column_text][vc_raw_html css=&#8221;&#8221;]JTNDaWZyYW1lJTIwc3JjJTNEJTIyaHR0cHMlM0ElMkYlMkZ3d3cuZ29vZ2xlLmNvbSUyRm1hcHMlMkZlbWJlZCUzRnBiJTNEJTIxMW0xOCUyMTFtMTIlMjExbTMlMjExZDM1NTQuMTM1NjI4NDc0MjEzMyUyMTJkMjcuMTM1MTUzMDc2MzM4OTg0JTIxM2QzOC4zMjAwODk5NzE4NTMwNjUlMjEybTMlMjExZjAlMjEyZjAlMjEzZjAlMjEzbTIlMjExaTEwMjQlMjEyaTc2OCUyMTRmMTMuMSUyMTNtMyUyMTFtMiUyMTFzMHgxNGJiZGYyMjY2YThhMjk5JTI1M0EweDViNDMzMDdjMDM3NDE4YWElMjEyc1plYnJhbm8lMjUyME1vYmlseWElMjUyMCUyNUM0JTI1QjB6bWlyJTIxNWUxJTIxM20yJTIxMXN0ciUyMTJzdHIlMjE0djE3NzAzODM0NDA3MDQlMjE1bTIlMjExc3RyJTIxMnN0ciUyMiUyMHdpZHRoJTNEJTIyMzAwJTIyJTIwaGVpZ2h0JTNEJTIyMjAwJTIyJTIwc3R5bGUlM0QlMjJib3JkZXIlM0EwJTNCJTIyJTIwYWxsb3dmdWxsc2NyZWVuJTNEJTIyJTIyJTIwbG9hZGluZyUzRCUyMmxhenklMjIlMjByZWZlcnJlcnBvbGljeSUzRCUyMm5vLXJlZmVycmVyLXdoZW4tZG93bmdyYWRlJTIyJTNFJTNDJTJGaWZyYW1lJTNF[\/vc_raw_html][\/vc_column][vc_column width=&#8221;1\/4&#8243;][vc_single_image image=&#8221;2300&#8243; img_size=&#8221;medium&#8221; css=&#8221;&#8221;][vc_column_text css=&#8221;&#8221;]<\/p>\n<h4 class=\"contact-details\">\u0130stalbul Modoko (Outdoor)<\/h4>\n<ul class=\"contact-details\">\n<li>\n<div class=\"uk-margin\">\n<p>AKARCA | Furniture &amp; More<br \/>\nYukar\u0131dudullu Modoko Sanayi Sitesi 4. Cadde No:151 \u00dcmraniye, \u0130stanbul<\/p>\n<\/div>\n<div><a class=\"el-content uk-link-text\" href=\"mailto:info@akarca.tc\"><span id=\"cloakbc1259fb1e8d062236a2e7ff8e38176e\">info@akarca.tc<\/span><\/a><\/div>\n<p><strong>T<\/strong> +90 216 527 7300\u00a0 \u00a0<strong>M<\/strong> +90 536 026 1056<\/li>\n<\/ul>\n<p>[\/vc_column_text][vc_raw_html css=&#8221;&#8221;]JTNDaWZyYW1lJTIwc3JjJTNEJTIyaHR0cHMlM0ElMkYlMkZ3d3cuZ29vZ2xlLmNvbSUyRm1hcHMlMkZlbWJlZCUzRnBiJTNEJTIxMW0xOCUyMTFtMTIlMjExbTMlMjExZDM0MTguNTkwODI4OTA2NzkyJTIxMmQyOS4xNTcwOTA4NzY0NTM2NzIlMjEzZDQxLjAwNjI0MDY3MTM1MDc0NiUyMTJtMyUyMTFmMCUyMTJmMCUyMTNmMCUyMTNtMiUyMTFpMTAyNCUyMTJpNzY4JTIxNGYxMy4xJTIxM20zJTIxMW0yJTIxMXMweDE0Y2FjZmUzNDExMTM2NzklMjUzQTB4NzVhNzk2ODIyODk2ZGFlJTIxMnNNb2Rva28lMjUyMFplYnJhbm8lMjUyME91dGRvb3IlMjE1ZTElMjEzbTIlMjExc3RyJTIxMnN0ciUyMTR2MTc3MDM4NDAxODIyOCUyMTVtMiUyMTFzdHIlMjEyc3RyJTIyJTIwd2lkdGglM0QlMjIzMDAlMjIlMjBoZWlnaHQlM0QlMjIyMDAlMjIlMjBzdHlsZSUzRCUyMmJvcmRlciUzQTAlM0IlMjIlMjBhbGxvd2Z1bGxzY3JlZW4lM0QlMjIlMjIlMjBsb2FkaW5nJTNEJTIybGF6eSUyMiUyMHJlZmVycmVycG9saWN5JTNEJTIybm8tcmVmZXJyZXItd2hlbi1kb3duZ3JhZGUlMjIlM0UlM0MlMkZpZnJhbWUlM0U=[\/vc_raw_html][\/vc_column][vc_column width=&#8221;1\/4&#8243;][vc_single_image image=&#8221;2301&#8243; img_size=&#8221;medium&#8221; css=&#8221;&#8221;][vc_column_text css=&#8221;&#8221;]<\/p>\n<h4 class=\"contact-details\">\u0130zmir (Outdoor)<\/h4>\n<ul class=\"contact-details\">\n<li>\n<div class=\"uk-margin\">\n<p>AKARCA | Furniture &amp; More<br \/>\nFatih Mah. Sarn\u0131\u00e7 Mevkii Ege Cad. No:39 35414 Gaziemir\/\u0130zmir<\/p>\n<\/div>\n<div><a class=\"el-content uk-link-text\" href=\"mailto:info@akarca.tc\"><span id=\"cloakbc1259fb1e8d062236a2e7ff8e38176e\">info@akarca.tc<\/span><\/a><\/div>\n<p><strong>T<\/strong> +90 232 504 3505 \u00a0 <strong>M<\/strong> +90 536 349 2686<\/li>\n<\/ul>\n<p>[\/vc_column_text][vc_raw_html css=&#8221;&#8221;]JTNDaWZyYW1lJTIwc3JjJTNEJTIyaHR0cHMlM0ElMkYlMkZ3d3cuZ29vZ2xlLmNvbSUyRm1hcHMlMkZlbWJlZCUzRnBiJTNEJTIxMW0xOCUyMTFtMTIlMjExbTMlMjExZDM1NTQuNjQyNzI2NjY5MzY4NiUyMTJkMjcuMTY4MzU3ODc2MzM4NDY1JTIxM2QzOC4zMDk3NDUwNzE4NTUzOCUyMTJtMyUyMTFmMCUyMTJmMCUyMTNmMCUyMTNtMiUyMTFpMTAyNCUyMTJpNzY4JTIxNGYxMy4xJTIxM20zJTIxMW0yJTIxMXMweDE0YmJkZmExMDNjM2MwMDklMjUzQTB4NGQ2ZjMzNjAwZDU4YzYxMSUyMTJzWmVicmFubyUyNTIwT3V0ZG9vciUyNTIwTGl2aW5nJTI1MjAtJTI1MjAlMjVDNCUyNUIwem1pciUyMTVlMSUyMTNtMiUyMTFzdHIlMjEyc3RyJTIxNHYxNzcwMzgzOTQzNjAzJTIxNW0yJTIxMXN0ciUyMTJzdHIlMjIlMjB3aWR0aCUzRCUyMjMwMCUyMiUyMGhlaWdodCUzRCUyMjIwMCUyMiUyMHN0eWxlJTNEJTIyYm9yZGVyJTNBMCUzQiUyMiUyMGFsbG93ZnVsbHNjcmVlbiUzRCUyMiUyMiUyMGxvYWRpbmclM0QlMjJsYXp5JTIyJTIwcmVmZXJyZXJwb2xpY3klM0QlMjJuby1yZWZlcnJlci13aGVuLWRvd25ncmFkZSUyMiUzRSUzQyUyRmlmcmFtZSUzRQ==[\/vc_raw_html][\/vc_column][\/vc_row][vc_row cth_layout=&#8221;monolit_page_sec&#8221;][vc_column]\n<div class=\"wpcf7 no-js\" id=\"wpcf7-f663-o1\" lang=\"en-US\" dir=\"ltr\" data-wpcf7-id=\"663\">\n<div class=\"screen-reader-response\"><p role=\"status\" aria-live=\"polite\" aria-atomic=\"true\"><\/p> <ul><\/ul><\/div>\n<form action=\"\/new\/wp-json\/wp\/v2\/pages\/172#wpcf7-f663-o1\" method=\"post\" class=\"wpcf7-form init\" aria-label=\"Contact form\" novalidate=\"novalidate\" data-status=\"init\">\n<fieldset class=\"hidden-fields-container\"><input type=\"hidden\" name=\"_wpcf7\" value=\"663\" \/><input type=\"hidden\" name=\"_wpcf7_version\" value=\"6.1.1\" \/><input type=\"hidden\" name=\"_wpcf7_locale\" value=\"en_US\" \/><input type=\"hidden\" name=\"_wpcf7_unit_tag\" value=\"wpcf7-f663-o1\" \/><input type=\"hidden\" name=\"_wpcf7_container_post\" value=\"0\" \/><input type=\"hidden\" name=\"_wpcf7_posted_data_hash\" value=\"\" \/>\n<\/fieldset>\n<div class=\"contact-form-holder\">\n\t<div id=\"contact-form\">\n\t\t<p><span class=\"wpcf7-form-control-wrap\" data-name=\"your-name\"><input size=\"40\" maxlength=\"400\" class=\"wpcf7-form-control wpcf7-text wpcf7-validates-as-required\" aria-required=\"true\" aria-invalid=\"false\" placeholder=\"Name\" value=\"\" type=\"text\" name=\"your-name\" \/><\/span><br \/>\n<span class=\"wpcf7-form-control-wrap\" data-name=\"your-email\"><input size=\"40\" maxlength=\"400\" class=\"wpcf7-form-control wpcf7-email wpcf7-validates-as-required wpcf7-text wpcf7-validates-as-email\" aria-required=\"true\" aria-invalid=\"false\" placeholder=\"E-mail\" value=\"\" type=\"email\" name=\"your-email\" \/><\/span><br \/>\n<span class=\"wpcf7-form-control-wrap\" data-name=\"your-message\"><textarea cols=\"40\" rows=\"10\" maxlength=\"2000\" class=\"wpcf7-form-control wpcf7-textarea wpcf7-validates-as-required\" aria-required=\"true\" aria-invalid=\"false\" placeholder=\"Message\" name=\"your-message\"><\/textarea><\/span><br \/>\n<input class=\"wpcf7-form-control wpcf7-submit has-spinner\" id=\"submit\" type=\"submit\" value=\"Send Message\" \/>\n\t\t<\/p>\n\t<\/div>\n<\/div>\n<div class=\"clearfix\">\n<\/div><div class=\"wpcf7-response-output\" aria-hidden=\"true\"><\/div>\n<\/form>\n<\/div>\n[\/vc_column][\/vc_row]<\/p>\n","protected":false},"excerpt":{"rendered":"<p>[vc_row cth_layout=&#8221;monolit_page_sec&#8221;][vc_column][vc_column_text css=&#8221;&#8221;] Bize Nas\u0131l Ula\u015fabilirsiniz! \u0130stanbul Modoko ve \u0130zmir de Indoor ve Outdoor olmak \u00fczere 4 ma\u011fazam\u0131z ile hizmetinizdeyiz. \u0130leti\u015fim Bilgilerimiz : [\/vc_column_text][\/vc_column][\/vc_row][vc_row gap=&#8221;5&#8243; cth_layout=&#8221;monolit_page_sec&#8221;][vc_column width=&#8221;1\/4&#8243;][vc_single_image image=&#8221;2298&#8243; img_size=&#8221;medium&#8221; css=&#8221;&#8221;][vc_column_text css=&#8221;&#8221;] \u0130stalbul Modoko (Indoor) AKARCA | Furniture &amp; More Yukar\u0131dudullu Modoko Sanayi Sitesi 2. Cd. No:250 \u00dcmraniye\/\u0130stanbul info@akarca.tc T +90 216 540 7444\u00a0 \u00a0M +90 [&hellip;]<\/p>\n","protected":false},"author":1,"featured_media":0,"parent":0,"menu_order":0,"comment_status":"closed","ping_status":"closed","template":"page-fullwidth.php","meta":{"_joinchat":[],"footnotes":""},"class_list":["post-172","page","type-page","status-publish","hentry"],"_links":{"self":[{"href":"https:\/\/www.akarca.tc\/new\/wp-json\/wp\/v2\/pages\/172","targetHints":{"allow":["GET"]}}],"collection":[{"href":"https:\/\/www.akarca.tc\/new\/wp-json\/wp\/v2\/pages"}],"about":[{"href":"https:\/\/www.akarca.tc\/new\/wp-json\/wp\/v2\/types\/page"}],"author":[{"embeddable":true,"href":"https:\/\/www.akarca.tc\/new\/wp-json\/wp\/v2\/users\/1"}],"replies":[{"embeddable":true,"href":"https:\/\/www.akarca.tc\/new\/wp-json\/wp\/v2\/comments?post=172"}],"version-history":[{"count":79,"href":"https:\/\/www.akarca.tc\/new\/wp-json\/wp\/v2\/pages\/172\/revisions"}],"predecessor-version":[{"id":2370,"href":"https:\/\/www.akarca.tc\/new\/wp-json\/wp\/v2\/pages\/172\/revisions\/2370"}],"wp:attachment":[{"href":"https:\/\/www.akarca.tc\/new\/wp-json\/wp\/v2\/media?parent=172"}],"curies":[{"name":"wp","href":"https:\/\/api.w.org\/{rel}","templated":true}]}}