{"id":378,"date":"2016-03-08T10:28:46","date_gmt":"2016-03-08T10:28:46","guid":{"rendered":"http:\/\/149.28.205.167\/wps\/monolit\/?page_id=378"},"modified":"2026-02-04T12:36:48","modified_gmt":"2026-02-04T09:36:48","slug":"home-slider","status":"publish","type":"page","link":"https:\/\/www.akarca.tc\/new\/","title":{"rendered":"ANA SAYFA"},"content":{"rendered":"<p>[vc_row full_width=&#8221;stretch_row&#8221; cth_layout=&#8221;monolit_fullheight_sec&#8221; el_class=&#8221;no-bg-con&#8221;][vc_column css=&#8221;.vc_custom_1455730804223{padding-right: 0px !important;padding-left: 0px !important;}&#8221;][monolit_home_slider values=&#8221;%5B%7B%22slideimg%22%3A%222218%22%2C%22slide_content%22%3A%22%3Ch2%3E%20Opheline%20%3C%2Fh2%3E%5Cn%3Ch3%3EOturma%20Grubu%3C%2Fh3%3E%5Cn%3Ca%20href%3D%5C%22http%3Ademowp.cththemes.net%2Fmonolit%2Fservices%2F%5C%22%20class%3D%5C%22hero-link%20ajax%5C%22%3ED%20E%20T%20A%20Y%20L%20A%20R%3C%2Fa%3E%22%7D%2C%7B%22slideimg%22%3A%222220%22%2C%22slide_content%22%3A%22%3Ch2%3E%20Ophe%CC%81line%3C%2Fh2%3E%5Cn%3Ch3%3EYemek%20Odas%C4%B1%3C%2Fh3%3E%5Cn%3Ca%20href%3D%5C%22%23sec1%5C%22%20class%3D%5C%22hero-link%20custom-scroll-link%5C%22%3ED%20E%20T%20A%20Y%20L%20A%20R%3C%2Fa%3E%22%7D%2C%7B%22slideimg%22%3A%222216%22%2C%22slide_content%22%3A%22%3Ch2%3EOphe%CC%81line%3C%2Fh2%3E%5Cn%3Ch3%3EYatak%20Odas%C4%B1%3C%2Fh3%3E%5Cn%3Ca%20href%3D%5C%22http%3Ademowp.cththemes.net%2Fmonolit%2Fportfolio%2Fportfolio-item-1%2F%5C%22%20class%3D%5C%22hero-link%20ajax%5C%22%3ED%20E%20T%20A%20Y%20L%20A%20R%3C%2Fa%3E%22%7D%5D&#8221;][\/vc_column][\/vc_row][vc_row cth_layout=&#8221;monolit_page_sec&#8221; sec_number=&#8221;01&#8243; el_id=&#8221;sec1&#8243;][vc_column offset=&#8221;vc_col-md-4&#8243;][monolit_carousel_slider_multiimgs slideimages=&#8221;2282,2283,2284,2285&#8243;][\/vc_column][vc_column offset=&#8221;vc_col-md-8&#8243;][vc_column_text css=&#8221;&#8221;]<\/p>\n<h2 class=\"section-title\"><strong>Akarca&#8217;ya Ho\u015fgeldiniz!<\/strong><\/h2>\n<p>Temelleri 1986 y\u0131l\u0131nda at\u0131lm\u0131\u015f, ikinci ku\u015fak aile \u00fcyelerinin \u00f6nc\u00fcl\u00fc\u011f\u00fcnde, 2012 y\u0131l\u0131ndan itibaren ; mobilya sekt\u00f6r\u00fcn\u00fcn sayg\u0131n, ah\u015fap ve dekorasyon konusunda tam te\u015fekk\u00fcll\u00fc \u00fcretim tesisleri ile entegre olmu\u015f, m\u00fc\u015fteri isteklerine uygun tedarik \u00e7\u00f6z\u00fcmleri sunan yakla\u015f\u0131ma sahip, yurti\u00e7i ve d\u0131\u015f\u0131ndaki 40\u2019a yak\u0131n ma\u011fazas\u0131yla D\u00fcnya\u2019ya a\u00e7\u0131lm\u0131\u015f, l\u00fcks, \u015f\u0131k ve zarif mobilyan\u0131n adresi ZEBRANO markas\u0131n\u0131n Modoko ve \u0130zmir(Ege B\u00f6lgesi) temsilcili\u011fini perakende sat\u0131\u015flar, i\u00e7 mimari konseptlerle ba\u015far\u0131yla y\u00fcr\u00fctmektedir.<\/p>\n<p>Ma\u011fazac\u0131l\u0131k sekt\u00f6r\u00fcndeki y\u0131llar\u0131n verdi\u011fi deneyimi, lider bir marka \u00f6nc\u00fcl\u00fc\u011f\u00fcnde ve i\u015flevselli\u011fini g\u00f6sterebilece\u011fi at\u00f6lye olu\u015fumuyla birle\u015ftirerek mobilya ve fazlas\u0131 denebilecek t\u00fcm \u00fcr\u00fcn, konsept \u00e7al\u0131\u015fmalar\u0131n\u0131 gen\u00e7, dinamik, vizyoner i\u00e7 mimari ve sat\u0131\u015f ekibiyle sizlerle payla\u015fmaktad\u0131r.<\/p>\n<div class=\"process-box\">\n<h3>S\u00fcre\u00e7lerimiz<\/h3>\n<ul class=\"creat-list\">\n<li>Fikir ve Ba\u015flang\u0131\u00e7<\/li>\n<li>Tasar\u0131m ve \u00dcretim<\/li>\n<li>\u0130n\u015fa ve Tamamlama<\/li>\n<\/ul>\n<\/div>\n<div><a class=\"btn anim-button fl-l\" href=\"https:\/\/www.akarca.tc\/new\/projeler\/\"><span class=\"no-rep\">Biten Projeler<\/span><i class=\"fa fa-long-arrow-right\"><\/i><\/a><\/div>\n<p>[\/vc_column_text][\/vc_column][\/vc_row][vc_row cth_layout=&#8221;monolit_page_sec&#8221; sec_number=&#8221;03&#8243;][vc_column][vc_column_text css=&#8221;&#8221;]<\/p>\n<h2 class=\"section-title algn-right dec-title\"><span class=\"no-rep\">Baz\u0131\u00a0<strong> Projelerimiz<\/strong><\/span><\/h2>\n<p>[\/vc_column_text][monolit_portfolios_parallax show_date=&#8221;no&#8221; show_cat=&#8221;no&#8221; view_all_link=&#8221;https:\/\/www.akarca.tc\/new\/projeler\/&#8221; ids=&#8221;1828,1887,1742&#8243;][\/vc_column][\/vc_row][vc_row][vc_column][monolit_carousel_slider_multiimgs][\/vc_column][\/vc_row][vc_row][vc_column][vc_tta_tabs color=&#8221;white&#8221; alignment=&#8221;center&#8221; active_section=&#8221;1&#8243;][vc_tta_section title=&#8221;\u0130STANBUL INDOOR&#8221; tab_id=&#8221;1770196426575-c49b44a0-1db5&#8243;][vc_raw_html css=&#8221;&#8221;]JTNDJTIwJTNDJTNDaWZyYW1lJTIwYWxpZ24lM0QlMjJtaWRkbGUlMjIlMjBzcmMlM0QlMjJodHRwcyUzQSUyRiUyRnd3dy5kcmVhbXJlYWxpdHkuY29tLnRyJTJGM2QtbW9kZWwlMkZ6ZWJyYW5vLW1vZG9rby1zaG93cm9vbS1mdWxsc2NyZWVuJTJGZnVsbHNjcmVlbiUyMiUyMHdpZHRoJTNEJTIyMTUwMCUyMiUyMGhlaWdodCUzRCUyMjYwMCUyMiUyMHN0eWxlJTNEJTIyYm9yZGVyJTNBMCUzQiUyMiUyMGFsbG93ZnVsbHNjcmVlbiUzRCUyMiUyMiUyMGxvYWRpbmclM0QlMjJsYXp5JTIyJTIwcmVmZXJyZXJwb2xpY3klM0QlMjJuby1yZWZlcnJlci13aGVuLWRvd25ncmFkZSUyMiUzRSUyMCUzQyUyRmlmcmFtZSUzRSUwQSUwQQ==[\/vc_raw_html][\/vc_tta_section][vc_tta_section title=&#8221;\u0130ZM\u0130R INDOOR&#8221; tab_id=&#8221;1770196426581-2b5c04ad-c496&#8243;][vc_raw_html css=&#8221;&#8221;]JTNDJTIwJTNDJTNDaWZyYW1lJTIwYWxpZ24lM0QlMjJtaWRkbGUlMjIlMjBzcmMlM0QlMjJodHRwcyUzQSUyRiUyRnd3dy5kcmVhbXJlYWxpdHkuY29tLnRyJTJGM2QtbW9kZWwlMkZ6ZWJyYW5vLWl6bWlyLXNob3dyb29tJTJGZnVsbHNjcmVlbiUyMiUyMHdpZHRoJTNEJTIyMTUwMCUyMiUyMGhlaWdodCUzRCUyMjYwMCUyMiUyMHN0eWxlJTNEJTIyYm9yZGVyJTNBMCUzQiUyMiUyMGFsbG93ZnVsbHNjcmVlbiUzRCUyMiUyMiUyMGxvYWRpbmclM0QlMjJsYXp5JTIyJTIwcmVmZXJyZXJwb2xpY3klM0QlMjJuby1yZWZlcnJlci13aGVuLWRvd25ncmFkZSUyMiUzRSUyMCUzQyUyRmlmcmFtZSUzRSUwQSUwQQ==[\/vc_raw_html][\/vc_tta_section][vc_tta_section title=&#8221;TUYAP 2025 MOB\u0130LYA FUARI&#8221; tab_id=&#8221;1770198515547-1783a2de-932f&#8221;][vc_raw_html css=&#8221;&#8221;]JTNDJTIwJTNDJTNDaWZyYW1lJTIwYWxpZ24lM0QlMjJtaWRkbGUlMjIlMjBzcmMlM0QlMjJodHRwcyUzQSUyRiUyRm15Lm1wc2tpbi5jb20lMkZlbiUyRnRvdXIlMkZma2U3eHBlNGN0JTNGcGxheSUzRDElMjIlMjB3aWR0aCUzRCUyMjE1MDAlMjIlMjBoZWlnaHQlM0QlMjI2MDAlMjIlMjBzdHlsZSUzRCUyMmJvcmRlciUzQTAlM0IlMjIlMjBhbGxvd2Z1bGxzY3JlZW4lM0QlMjIlMjIlMjBsb2FkaW5nJTNEJTIybGF6eSUyMiUyMHJlZmVycmVycG9saWN5JTNEJTIybm8tcmVmZXJyZXItd2hlbi1kb3duZ3JhZGUlMjIlM0UlMjAlM0MlMkZpZnJhbWUlM0UlMEElMEE=[\/vc_raw_html][\/vc_tta_section][vc_tta_section title=&#8221;TUYAP 2024 MOB\u0130LYA FUARI&#8221; tab_id=&#8221;1770198451533-e51677e7-f3aa&#8221;][vc_raw_html css=&#8221;&#8221;]JTNDJTIwJTNDJTNDaWZyYW1lJTIwYWxpZ24lM0QlMjJtaWRkbGUlMjIlMjBzcmMlM0QlMjJodHRwcyUzQSUyRiUyRnd3dy5kcmVhbXJlYWxpdHkuY29tLnRyJTJGM2QtbW9kZWwlMkZ6ZWJyYW5vLWlmZi0yMDI0JTJGZnVsbHNjcmVlbiUyMiUyMHdpZHRoJTNEJTIyMTUwMCUyMiUyMGhlaWdodCUzRCUyMjYwMCUyMiUyMHN0eWxlJTNEJTIyYm9yZGVyJTNBMCUzQiUyMiUyMGFsbG93ZnVsbHNjcmVlbiUzRCUyMiUyMiUyMGxvYWRpbmclM0QlMjJsYXp5JTIyJTIwcmVmZXJyZXJwb2xpY3klM0QlMjJuby1yZWZlcnJlci13aGVuLWRvd25ncmFkZSUyMiUzRSUyMCUzQyUyRmlmcmFtZSUzRSUwQSUwQQ==[\/vc_raw_html][\/vc_tta_section][vc_tta_section title=&#8221;TUYAP 2023 MOB\u0130LYA FUARI&#8221; tab_id=&#8221;1770198578068-0b9da2d2-1594&#8243;][vc_raw_html css=&#8221;&#8221;]JTNDJTIwJTNDJTNDaWZyYW1lJTIwYWxpZ24lM0QlMjJtaWRkbGUlMjIlMjBzcmMlM0QlMjJodHRwcyUzQSUyRiUyRnd3dy5kcmVhbXJlYWxpdHkuY29tLnRyJTJGM2QtbW9kZWwlMkZ6ZWJyYW5vLWZ1cm5pdHVyZS1pZmYtMjAyMyUyRmZ1bGxzY3JlZW4lMjMlMjIlMjB3aWR0aCUzRCUyMjE1MDAlMjIlMjBoZWlnaHQlM0QlMjI2MDAlMjIlMjBzdHlsZSUzRCUyMmJvcmRlciUzQTAlM0IlMjIlMjBhbGxvd2Z1bGxzY3JlZW4lM0QlMjIlMjIlMjBsb2FkaW5nJTNEJTIybGF6eSUyMiUyMHJlZmVycmVycG9saWN5JTNEJTIybm8tcmVmZXJyZXItd2hlbi1kb3duZ3JhZGUlMjIlM0UlMjAlM0MlMkZpZnJhbWUlM0UlMEElMEE=[\/vc_raw_html][\/vc_tta_section][vc_tta_section title=&#8221;TUYAP 2022 MOB\u0130LYA FUARI&#8221; tab_id=&#8221;1770198626115-756f3904-0723&#8243;][vc_raw_html css=&#8221;&#8221;]JTNDJTIwJTNDJTNDaWZyYW1lJTIwYWxpZ24lM0QlMjJtaWRkbGUlMjIlMjBzcmMlM0QlMjJodHRwcyUzQSUyRiUyRm15Lm1hdHRlcnBvcnQuY29tJTJGc2hvdyUyRiUzRm0lM0RQVlNRQzU3NUZyZCUyMiUyMHdpZHRoJTNEJTIyMTUwMCUyMiUyMGhlaWdodCUzRCUyMjYwMCUyMiUyMHN0eWxlJTNEJTIyYm9yZGVyJTNBMCUzQiUyMiUyMGFsbG93ZnVsbHNjcmVlbiUzRCUyMiUyMiUyMGxvYWRpbmclM0QlMjJsYXp5JTIyJTIwcmVmZXJyZXJwb2xpY3klM0QlMjJuby1yZWZlcnJlci13aGVuLWRvd25ncmFkZSUyMiUzRSUyMCUzQyUyRmlmcmFtZSUzRSUwQSUwQQ==[\/vc_raw_html][\/vc_tta_section][\/vc_tta_tabs][\/vc_column][\/vc_row]<\/p>\n","protected":false},"excerpt":{"rendered":"<p>[vc_row full_width=&#8221;stretch_row&#8221; cth_layout=&#8221;monolit_fullheight_sec&#8221; el_class=&#8221;no-bg-con&#8221;][vc_column css=&#8221;.vc_custom_1455730804223{padding-right: 0px !important;padding-left: 0px !important;}&#8221;][monolit_home_slider values=&#8221;%5B%7B%22slideimg%22%3A%222218%22%2C%22slide_content%22%3A%22%3Ch2%3E%20Opheline%20%3C%2Fh2%3E%5Cn%3Ch3%3EOturma%20Grubu%3C%2Fh3%3E%5Cn%3Ca%20href%3D%5C%22http%3Ademowp.cththemes.net%2Fmonolit%2Fservices%2F%5C%22%20class%3D%5C%22hero-link%20ajax%5C%22%3ED%20E%20T%20A%20Y%20L%20A%20R%3C%2Fa%3E%22%7D%2C%7B%22slideimg%22%3A%222220%22%2C%22slide_content%22%3A%22%3Ch2%3E%20Ophe%CC%81line%3C%2Fh2%3E%5Cn%3Ch3%3EYemek%20Odas%C4%B1%3C%2Fh3%3E%5Cn%3Ca%20href%3D%5C%22%23sec1%5C%22%20class%3D%5C%22hero-link%20custom-scroll-link%5C%22%3ED%20E%20T%20A%20Y%20L%20A%20R%3C%2Fa%3E%22%7D%2C%7B%22slideimg%22%3A%222216%22%2C%22slide_content%22%3A%22%3Ch2%3EOphe%CC%81line%3C%2Fh2%3E%5Cn%3Ch3%3EYatak%20Odas%C4%B1%3C%2Fh3%3E%5Cn%3Ca%20href%3D%5C%22http%3Ademowp.cththemes.net%2Fmonolit%2Fportfolio%2Fportfolio-item-1%2F%5C%22%20class%3D%5C%22hero-link%20ajax%5C%22%3ED%20E%20T%20A%20Y%20L%20A%20R%3C%2Fa%3E%22%7D%5D&#8221;][\/vc_column][\/vc_row][vc_row cth_layout=&#8221;monolit_page_sec&#8221; sec_number=&#8221;01&#8243; el_id=&#8221;sec1&#8243;][vc_column offset=&#8221;vc_col-md-4&#8243;][monolit_carousel_slider_multiimgs slideimages=&#8221;2282,2283,2284,2285&#8243;][\/vc_column][vc_column offset=&#8221;vc_col-md-8&#8243;][vc_column_text css=&#8221;&#8221;] Akarca&#8217;ya Ho\u015fgeldiniz! Temelleri 1986 y\u0131l\u0131nda at\u0131lm\u0131\u015f, ikinci ku\u015fak aile \u00fcyelerinin \u00f6nc\u00fcl\u00fc\u011f\u00fcnde, 2012 y\u0131l\u0131ndan itibaren ; mobilya sekt\u00f6r\u00fcn\u00fcn sayg\u0131n, ah\u015fap ve dekorasyon konusunda tam te\u015fekk\u00fcll\u00fc \u00fcretim tesisleri ile entegre olmu\u015f, m\u00fc\u015fteri isteklerine uygun tedarik \u00e7\u00f6z\u00fcmleri sunan yakla\u015f\u0131ma sahip, yurti\u00e7i [&hellip;]<\/p>\n","protected":false},"author":1,"featured_media":0,"parent":0,"menu_order":0,"comment_status":"closed","ping_status":"closed","template":"homepage.php","meta":{"_joinchat":[],"footnotes":""},"class_list":["post-378","page","type-page","status-publish","hentry"],"_links":{"self":[{"href":"https:\/\/www.akarca.tc\/new\/wp-json\/wp\/v2\/pages\/378","targetHints":{"allow":["GET"]}}],"collection":[{"href":"https:\/\/www.akarca.tc\/new\/wp-json\/wp\/v2\/pages"}],"about":[{"href":"https:\/\/www.akarca.tc\/new\/wp-json\/wp\/v2\/types\/page"}],"author":[{"embeddable":true,"href":"https:\/\/www.akarca.tc\/new\/wp-json\/wp\/v2\/users\/1"}],"replies":[{"embeddable":true,"href":"https:\/\/www.akarca.tc\/new\/wp-json\/wp\/v2\/comments?post=378"}],"version-history":[{"count":52,"href":"https:\/\/www.akarca.tc\/new\/wp-json\/wp\/v2\/pages\/378\/revisions"}],"predecessor-version":[{"id":2343,"href":"https:\/\/www.akarca.tc\/new\/wp-json\/wp\/v2\/pages\/378\/revisions\/2343"}],"wp:attachment":[{"href":"https:\/\/www.akarca.tc\/new\/wp-json\/wp\/v2\/media?parent=378"}],"curies":[{"name":"wp","href":"https:\/\/api.w.org\/{rel}","templated":true}]}}